, 3, 7, 19
Let x(v) = -4*v**2 - 16*v - 3. Let y be x(-3). Suppose -y*q + 26410 = 10*q. What are the prime factors of q?
2, 5, 139
Let s(k) = -3*k - 8. Let j be s(-3). Let y be 36 + j - 1/(-1 - 0). Suppose 4*u - 5*p = -15 + 272, u + 4*p = y. What are the prime factors of u?
2, 29
Let z(u) = 2*u**3 + 3*u + 5. Let n be z(0). Suppose c - o = 481 + 449, -c = -n*o - 942. What are the prime factors of c?
3, 103
Suppose -9 = -2*n + 2*y + 5, -3*n - y + 41 = 0. Suppose -n*d + 6 = -18. Suppose -108 = -2*o - d*o. What are the prime factors of o?
3
Let k(o) = 51*o**2 - 36*o - 2184. List the prime factors of k(-24).
2, 3, 7, 167
Let m = 53276 - 26772. What are the prime factors of m?
2, 3313
What are the prime factors of (1 + (-1617)/12)/((340/(-32))/17)?
2, 107
Suppose -15634 - 9026 = -36*q. Let d = q - 608. What are the prime factors of d?
7, 11
Suppose -2*r + 10 = 2*h - 0*h, 0 = -5*h + 25. Let a(s) = -s. Let v(j) = -j**2 + 11. Let b(n) = -2*a(n) + v(n). List the prime factors of b(r).
11
Let k be (23 + -10)/((-1)/4). Let i be (3 - k/(-20))*20. What are the prime factors of i/(-6)*(-150)/40?
5
List the prime factors of (-85725)/(-3) - (-149 + 162).
2, 14281
Let r = -5907 - -14566. List the prime factors of r.
7, 1237
Let l = -26 - -26. Suppose -3*n + 5*m + 17 = -18, n - 1 = -m. Suppose l = 2*b - 5*q - 255, 625 = n*b - 5*q - 5. List the prime factors of b.
5
Suppose b + 17*c - 14*c - 5417 = 0, 2*c + 16174 = 3*b. List the prime factors of b.
2, 19, 71
What are the prime factors of (6329*(-4)/5)/(377/(-3770))?
2, 6329
Suppose -52040 + 1969 = -23*a. List the prime factors of a.
7, 311
Let u = 6373 - 772. Suppose -7*c = -u - 5109. List the prime factors of c.
2, 3, 5, 17
Suppose 5*v + 4*m - 817 = 278, 438 = 2*v - m. Let s be (-1 - (-24)/15)*5. Suppose -s*u = -v - 93. List the prime factors of u.
2, 13
What are the prime factors of (-216)/(-40) + -5 - 53886/(-10)?
17, 317
List the prime factors of (1098/3)/(12/(-162)*-3).
3, 61
Suppose -3*m + 2*v + 2*v + 26 = 0, -27 = -m + 5*v. Suppose -d + 6*d - m*n = 4, 0 = -5*d - 3*n + 19. List the prime factors of 1775/15 - d/(-3).
7, 17
Suppose 2*d + 6 = f, -4*d = 3 - 11. Suppose -f*x + 3*x - 14 = 0. List the prime factors of 9/x*748/(-51).
2, 3, 11
Suppose -5*v = 2*b + 129, -6*v + 2*v + b = 98. Let w = v + -26. Let r = w + 95. What are the prime factors of r?
2, 11
Suppose 101*z + 242*z = 85*z + 12952632. What are the prime factors of z?
2, 7, 11, 163
Let p be -230*20/(-2 - 2). Suppose o + p = 4*i - o, -3*o + 15 = 0. Suppose -i = -5*v - 0*v. List the prime factors of v.
2, 29
Suppose -4*i = -3*f - 38079, 32*f - 29*f - 47592 = -5*i. List the prime factors of i.
3, 19, 167
Let f(l) = 93*l**3 + 2*l**2 - 25*l + 72. List the prime factors of f(8).
2, 3, 31
Let q = 6075 - -160. List the prime factors of q.
5, 29, 43
Let w(f) be the first derivative of f**4 - 5*f**3/3 - 2*f**2 + 9*f - 18. List the prime factors of w(3).
2, 3, 5
Let l = -1055 - -1057. Suppose -2*b = -l*f + 3*b + 237, 4*b = -2*f + 246. What are the prime factors of f?
11
Suppose -12 + 21 = 3*k. Let a(v) = 63 + v**k - v**2 - 2*v**3 + 0*v**2 + 20*v - 16*v. List the prime factors of a(0).
3, 7
What are the prime factors of 1/5 + (-19)/((-3040)/5418528)?
2, 7, 41, 59
Suppose -16*c + q + 167398 = 0, -2*c + 7*q + 20894 = 12*q. What are the prime factors of c?
2, 5231
Let f be (0/1)/((-16)/8). Suppose -n + 68 = -f*n. Suppose -4*g + 3*g = -n. List the prime factors of g.
2, 17
Let u(h) = 66*h - 150*h + 32*h + 14*h**2 - 23 + 15*h**2 - h**3. What are the prime factors of u(26)?
653
Let g = 109 + -105. Let x be g + 200*(-4 + (-1 - -6)). Let w = 11 + x. List the prime factors of w.
5, 43
Let t(d) = 32*d**2 - 2*d - 123. What are the prime factors of t(28)?
3, 19, 23
Let r be 1632/(-9)*(-15)/(-10). Let j = r + 151. Let t = 242 + j. List the prime factors of t.
11
Let i = -6 - -9. Let m be ((-82)/i)/((-2)/6). Suppose -5*h + m = -t + 4*t, 4*t = h - 21. List the prime factors of h.
17
Suppose 0 = -0*f - 23*f + 64563 + 113549. What are the prime factors of f?
2, 11
Let x(u) = -u + 34. Let z be x(-10). Let g = z + -31. Suppose -g*i + 603 = -10*i. List the prime factors of i.
3, 67
Let a(c) = -2377*c - 2494. List the prime factors of a(-7).
3, 5, 23, 41
Suppose 0 = -6*h + 14964 + 32796. Suppose -18*n + 10*n = -h. What are the prime factors of n?
5, 199
Suppose 3*a = -3*a. Suppose a = -2*s - 3*s + 10. Suppose 2*n = -4*w + 62, 4*n + 0*n + s*w - 148 = 0. List the prime factors of n.
3, 13
Let c(k) = -6*k**3 - 2*k**2 + 7*k + 10. Let m(y) = y**3 - y**2 + y - 1. Let h(n) = c(n) + 4*m(n). Let i be h(-6). List the prime factors of i + 2 - (-22)/(-11).
2, 3, 13
Suppose 6*o - 16843 = 25*o - 117771. What are the prime factors of o?
2, 83
Let u(j) be the third derivative of -j**5/60 - j**4/6 - 5*j**3/6 + 9*j**2. Let r be u(-4). Let g(q) = 4*q**2 - 8. What are the prime factors of g(r)?
2, 23
Suppose 3*p - 289 = 5648. Suppose 6*o - 235 = p. List the prime factors of o.
3, 41
Let r = -231 + 231. Suppose r = -3*j + 4*o + 1271, 0*j - 5*o + 1643 = 4*j. What are the prime factors of j?
3, 139
Suppose -16*n = -48 - 240. Suppose n*p - 21*p + 933 = 0. List the prime factors of p.
311
Suppose -6880 = -2*p + 4*h, 87*h + 15 = 90*h. What are the prime factors of p?
2, 3, 5, 23
What are the prime factors of -2 + 6461 + (2 - -9) + -4?
2, 53, 61
Let b(f) = 26*f + 1012. List the prime factors of b(8).
2, 5, 61
Let u = 992 - 1416. Let y = u + 655. List the prime factors of y.
3, 7, 11
List the prime factors of (12830/15)/((98/231)/7).
11, 1283
Suppose 57013 = -20*x + 7974 + 840179. List the prime factors of x.
7, 5651
Let j = 321 + -546. What are the prime factors of (-325)/(-2)*(-180)/j?
2, 5, 13
What are the prime factors of (-4)/(-16)*-48968*(-7)/14?
6121
Let a(j) = j**2 + 5*j + 97. Let q be a(11). List the prime factors of 10731/39 - 42/q.
5, 11
Let o = -106 + 109. Suppose -1273 = -o*t + 5*f, 1700 = -t + 5*t - 4*f. Let w = t - 132. List the prime factors of w.
2, 3, 7
Let s(a) = -a**2 - 5*a - 3. Let w be s(-3). Suppose -53 = -4*v - 2*p + w*p, -p = 2*v - 31. Let u = 27 - v. What are the prime factors of u?
13
Suppose 8*a + 12 = 2*a. What are the prime factors of (-5)/(-15)*(a - 1) - -92?
7, 13
Let l be (51/9 - 6)*15. What are the prime factors of -2*l/(-10)*-206?
2, 103
Let p = -32462 - -55729. List the prime factors of p.
53, 439
Let w(v) = -v**2 - 7*v - 9. Let c be w(-5). Let l be ((-12)/(c + -5))/(-3). What are the prime factors of (-1081)/(-92) - l/4?
2, 3
Suppose -2*m + 10 = -0*m + 2*x, x - 17 = -4*m. Let h be (14/6 + -5)*9/m. What are the prime factors of 1*(-855)/h*(-10)/(-15)?
5, 19
Let j(x) be the second derivative of x**5/20 - 5*x**4/12 + 2*x**3/3 - x**2 + 15*x. Let l be 6/2 + -6 - -8. List the prime factors of j(l).
2, 3
Let s = 499 - 494. Suppose -3*m + 5*b = -2987, -2*m + s*m - 4*b - 2989 = 0. What are the prime factors of m?
3, 37
Let t be 15*-89*(10/(-6))/5. Let s = t - 301. Let l = -106 + s. What are the prime factors of l?
2, 19
Suppose -5*i = -9725 - 43195. Suppose 7*f - 3*n - 2*n = i, -f - 5*n + 1512 = 0. List the prime factors of f.
2, 3, 7
Let k(b) = 17*b**2 + 120*b - 4166. What are the prime factors of k(53)?
3, 16649
Suppose 4*d + 2259 + 911 = x, 2*x = -3*d + 6307. List the prime factors of x.
2, 1579
Suppose 3*d = -6*i + 60825, 2*i = 5*d - 82333 - 19114. What are the prime factors of d?
20287
Let o(k) = -33*k - 10. Let g(b) = 36*b + 11. Let f(a) = -6*g(a) - 7*o(a). List the prime factors of f(0).
2
Let p(f) = -f**3 + 4*f**2. Let w be p(4). Let s(i) = 0*i**3 + w*i + i**3 + 1 - 5*i**2 + 3*i**3 + 4*i. What are the prime factors of s(3)?
2, 19
Suppose 185571 = 3*y + 4*h, -19 = 4*h + 17. What are the prime factors of y?
3, 41, 503
Let t be ((-2)/4)/((-3)/12). Suppose -t*j + 395 = -h, -h - 25 = 3*j - 620. List the prime factors of j.
2, 3, 11
Let d be (0 - 3)*(-495)/(-27). Let x = d + 49. List the prime factors of (-6)/4 - 477/x.
2, 3, 13
Let k be (-1 - -71)*(27/3 + -7). Let d = 66 + k. What are the prime factors of d?
2, 103
Let x(o) = o**2 - 11*o + 12. Let z be x(11). Let n be (-2)/(8/(-6))*54. Suppose -z = -5*l + 2*l, 0 = -t + 5*l + n. List the prime factors of t.
101
Let k(a) be the first derivative of 29*a**3 - 15*a**2/2 - 32*a + 25. What are the prime factors of k(-2)?
2, 173
Let g